a.
2, 13
Let g(u) = 54*u + 2. Let h be g(-6). Let a = 455 + h. Let p = a + -74. What are the prime factors of p?
59
Suppose 5*p - 3 - 6 = -3*f, 0 = -5*p + 15. Let d = 107 - 110. List the prime factors of 79 - d/1*f/2.
2, 19
Suppose 20 = 5*n, 4*f - 3*n + 47 = 79687. What are the prime factors of f?
19913
Let w be (-2)/(-7) + 82/7 + -3. Suppose -w = 5*a - 914. Suppose 3*f + 172 = 5*f + 4*b, -2*f + a = b. List the prime factors of f.
2, 23
Suppose -3*j - 8*j + 22 = 0. Suppose 0*w - 9*w = j*w. What are the prime factors of (54/8 - 5)*(w + 52)?
7, 13
Suppose 5*v = -i + 184254, 4584*i = 2*v + 4581*i - 73688. List the prime factors of v.
2, 5, 11, 67
Let o be (-5)/(40/18)*(-48)/(-9). Let s be (2592/22)/(-1) + o/66. Let k = -19 - s. What are the prime factors of k?
3, 11
Suppose -a - 3*r - 30 = 0, 5*a + 5*r = -40 - 90. Let w = 21 + a. What are the prime factors of (-1 + w)/(-4) - -34?
5, 7
Suppose -4*h + 9*h = 15. Suppose 2*t = h*t. Let q = t - -4. What are the prime factors of q?
2
Suppose 359*t - 106*t - 1275373 = 0. List the prime factors of t.
71
Let f(m) = -m**2 - 14*m - 12. Let r be f(-10). Let x(k) = -128*k + 6. Let n be x(1). Let y = r - n. What are the prime factors of y?
2, 3, 5
Let h(w) = 8*w - 8*w**3 - 7*w**3 - 10 + 6*w**2 + 19*w**3 + 2*w**3 - 3*w**2. What are the prime factors of h(4)?
2, 227
Suppose 4*b = -2*w + 41 + 1153, -2*w = -2*b + 588. Let x = b - -151. List the prime factors of x.
2, 7
Let g(c) = -65*c - 5745. What are the prime factors of g(-116)?
5, 359
Let m(q) = q**2 - 1. Let t(v) = -16*v**2 - 3*v + 4. Let d(z) = 6*m(z) - 2*t(z). List the prime factors of d(3).
2, 173
Let s = -9896 - -28555. What are the prime factors of s?
47, 397
Let w be 1/(4 - 0) - (-77)/44. Suppose 3*i - 80 = -2*i - 4*l, 5*i - w*l = 80. What are the prime factors of i/12*(3 - (-330)/4)?
2, 3, 19
List the prime factors of -7 + 1 - (-3)/((-16)/((-5346304)/48)).
2, 11, 13, 73
Let x = -143 - 995. Let j = 1734 + x. List the prime factors of j.
2, 149
Let z be (4/(-8) - 0)*0. Suppose -a + 4*j + 1 = -2*a, 2*a - 5*j - 11 = z. What are the prime factors of 2/(-10) - (993/(-15) - a)?
3, 23
Suppose 505*w = 508*w - 3*b - 16962, 0 = -5*w - 2*b + 28242. What are the prime factors of w?
2, 5, 113
Suppose 87767 = 2*f + 15*f - 487275. What are the prime factors of f?
2, 13, 1301
Suppose 1 + 1 = i. Suppose 0 = i*w - 6 - 174. Suppose 2*n + 3*d - w = -d, 0 = -5*d. List the prime factors of n.
3, 5
Let s be -15*(7/(-21) + 0). List the prime factors of 0 - -7 - s - (1 - 777).
2, 389
Let x(l) = -8*l**3 - 13*l**2 + 32*l - 40. List the prime factors of x(-9).
4451
Let o = -594 + 903. Suppose s = 4*i - o, 0*i = -i + 4*s + 81. What are the prime factors of i?
7, 11
Let t = -56 - -63. Suppose t*q - 15*q + 48 = 0. Suppose 5*d + 138 = q*d. List the prime factors of d.
2, 3, 23
Let j be (-4)/7 - 92/(-14). Let b be (2/j*(-6 - -72))/(-1). Let o = 38 + b. List the prime factors of o.
2
Suppose 3*l + 11 = -4, -l - 109 = -4*d. Let o = 45 + -37. List the prime factors of 192 - (3/12 - d/o).
3, 5, 13
Suppose 0 = -12*u + 19396 - 1108. Let g = u - 836. List the prime factors of g.
2, 43
Suppose 0 = 8*x + 6433 - 162777. What are the prime factors of x?
19543
Suppose 58*u + 62*u = 42*u + 2075736. List the prime factors of u.
2, 6653
Let m = -3488 + 4194. What are the prime factors of m?
2, 353
Suppose -3*n - n - 124583 = -23*n. List the prime factors of n.
79, 83
Let t = 74576 - 26061. List the prime factors of t.
5, 31, 313
List the prime factors of (-271 + 539)*(3 - -1).
2, 67
What are the prime factors of ((-1)/1)/((-1)/82*(-296)/(-263292))?
3, 41, 593
List the prime factors of ((-4)/(-8))/((-81596892)/(-6799728) + -1 + -11).
2, 17, 641
Suppose -3*a = 2*a - 5760. Suppose 0 = 3*v, 4*z - 22*v + 23*v = 44. Suppose -z*t + a = -3*t. What are the prime factors of t?
2, 3
Suppose -4*w - 2*w + 180 = 0. Let k(s) = 34*s + w*s + 13 - 67*s. What are the prime factors of k(-6)?
31
Let i(v) = 5*v**2 + 58*v + 46. Let c be i(33). Suppose 5*m + 19*h - 24*h = 7385, -5*m + h + c = 0. What are the prime factors of m?
2, 3, 13, 19
Suppose -11*f + 91 = 157. List the prime factors of (674/(-6))/(f - (-210)/36).
2, 337
Let i = -50 + 23. Suppose 0 = 3*d + s + 101 - 123, 3*s + 15 = 0. What are the prime factors of 4/d + (-2013)/i?
3, 5
Let x = -263 + 204. What are the prime factors of x/2*(13 + -31)?
3, 59
List the prime factors of ((-14)/8 - (-3 - -2))*(-42 + -28050).
3, 2341
Let y(b) be the third derivative of b**6/120 + 4*b**5/15 - 5*b**4/12 + 25*b**3/6 - 130*b**2. What are the prime factors of y(-10)?
5, 29
Suppose -418*j + 204*j + 14566980 = 0. List the prime factors of j.
2, 3, 5, 2269
Suppose -322*d + 82 = -321*d. Suppose 4*l + 5*t = 3*l + 50, 3*l - d = 2*t. List the prime factors of l.
2, 3, 5
Let b(g) = -10*g + 14. Let v be b(1). Suppose -3*m + 814 = v*k - 266, 0 = 3*m - k - 1065. List the prime factors of m.
2, 89
Let l = 1327 + -567. Suppose 0 = -13*m + 17*m - l. Suppose 0*k = 5*k - m. List the prime factors of k.
2, 19
Let b(h) = h**2 - 60 - 4*h - 2*h**2 + 48. Let k be b(-6). Let p = 39 + k. List the prime factors of p.
3, 5
Let z = -7128 - -24620. What are the prime factors of z?
2, 4373
Suppose u = 7 - 5. Suppose u*i + 111 = 951. List the prime factors of i.
2, 3, 5, 7
Suppose 0 = -8*i + 9*i - 9. Suppose -5*k = -4*z - 6 + 1, -4*k = -20. Suppose 3*x - z*h - 7 - i = 0, -3*h = 3*x. List the prime factors of x.
2
Suppose 237*r - 1309388 = 32*r + 2430837. List the prime factors of r.
5, 41, 89
Suppose -86 = -22*h + 24. Suppose 0 = 4*c + 7*j - 5*j - 3344, 2*c + h*j - 1656 = 0. What are the prime factors of c?
2, 419
Let g(v) = -6*v**3 - 11*v**2 - 10*v - 10. Let w be 56/(-16)*(-2)/(-1). What are the prime factors of g(w)?
1579
What are the prime factors of (-9)/(-2) - (-465465)/66?
7057
Let i(c) = c**2 - 19. Let m be i(-5). What are the prime factors of 162/(-30) + m/15 - -497?
2, 3, 41
Let i(s) = s**3 + 2*s**2 - 3*s + 2. Let q be i(1). Let r be 12 - (3 + (-4)/q). Let t(f) = -f**2 + 13*f - 4. List the prime factors of t(r).
2, 3
Suppose -6*c + c = -5, 5*a = -5*c + 30. Suppose 221 + 74 = a*h. List the prime factors of h.
59
Let d be (20 - 26)*1408/(-3) + 0. Suppose -d = 23*w - 27*w. List the prime factors of w.
2, 11
Let f(m) = -m**3 + 119*m**2 + 31*m + 445. List the prime factors of f(118).
3, 2003
Suppose -27 = -15*r + 378. List the prime factors of (90/r - 4)*-1422.
2, 3, 79
Let b(i) = -28*i + 6*i - 15*i - 10*i + 2. Let g be b(-3). Let l = -99 + g. List the prime factors of l.
2, 11
Let o(t) = -t - 5. Let f be o(-8). Let j be 6*(-1 - f/(-2)). Suppose z = -q + 33, 5*z + j*q - 52 = 121. List the prime factors of z.
37
Let g(x) = x**3 + 2*x**2 - 8*x - 16. Let l be g(7). Suppose 65*a = 62*a - l. Let s = 62 - a. List the prime factors of s.
5, 37
Let h(t) = 207*t**2 - 3*t - 2. Let f = -778 + 777. What are the prime factors of h(f)?
2, 13
Let h be (11/2)/((-12)/(-24)). Suppose 2*f - h + 55 = 0. Let v(x) = -x**3 - 23*x**2 - 28*x + 8. List the prime factors of v(f).
2, 5, 7
Let b(l) = l - 1. Let n(y) = -8*y - 26*y + 10*y + 73 - 41. Let z(w) = -36*b(w) - 2*n(w). List the prime factors of z(14).
2, 5, 7
Suppose 4*i - r - 903 = -4*r, 3*i + r = 671. Let v = i - 132. Suppose 3*x = -2*x + v. List the prime factors of x.
2, 3
Let k(x) = 18*x + 14. Suppose j - 70 - 123 = -5*u, 3*j - 150 = -4*u. Suppose -5*m = -u + 9. List the prime factors of k(m).
2, 61
Suppose -8*v = 1 + 15. Let d = -22 + v. List the prime factors of -1 + (-20)/d + (-3988)/(-24).
2, 83
Let b(q) = q**3 + 68*q**2 + 57*q - 389. Let t be b(-67). Let s = -1 + -16. Let p = t + s. List the prime factors of p.
2, 3, 11
Let l(t) = -3*t**3 - 35*t**2 + 115*t - 107. List the prime factors of l(-29).
2, 3, 5, 17, 79
Let t = 1202 + 103. What are the prime factors of (t - 0) + 801/89?
2, 3, 73
Let j = -4868 + 9193. What are the prime factors of j?
5, 173
Let k(v) = 16*v**2 - 41*v - 24. Let t(o) = -3*o**2 + 8*o + 5. Let m(h) = 2*k(h) + 11*t(h). Let s be m(-2). What are the prime factors of -1*3 - (s - 29)?
5, 7
Suppose -4*t + 7 - 27 = 0. Let y(v) be the third derivative of -v**6/120 - v**5/20 + v**4/8 + 2*v**3/3 - 3*v**2 - 31*v. List the prime factors of y(t).
3, 13
Let s = -15203 + 30337. What are the prime factors of s?
2, 7, 23, 47
Suppose -12 = -4*z - 3*a, 0*a = -